{"id":2,"date":"2019-02-20T11:25:17","date_gmt":"2019-02-20T10:25:17","guid":{"rendered":"http:\/\/www.itscm2.be\/Cessprojet9\/?page_id=2"},"modified":"2023-10-19T16:46:07","modified_gmt":"2023-10-19T14:46:07","slug":"page-d-exemple","status":"publish","type":"page","link":"http:\/\/www.itscm2.be\/Cessprojet9\/","title":{"rendered":"Bienvenue"},"content":{"rendered":"\n<h3 class=\"wp-block-heading\"><strong>Pour atteindre votre projet professionnel ou d\u2019\u00e9tudes, il vous faut obtenir votre Certificat d\u2019Enseignement Secondaire Sup\u00e9rieur (CESS).&nbsp;<\/strong><\/h3>\n\n\n\n<h4 class=\"wp-block-heading\">Mais lorsqu\u2019on a plus de 20 ans, cela n\u2019est pas chose ais\u00e9e.<br>Une nouvelle voie en vue d\u2019obtenir votre CESS s\u2019ouvre \u00e0 vous&nbsp;: <br>\u00ab CESS-Projet 9 \u00bb existe aujourd\u2019hui \u00e0 Bruxelles. <\/h4>\n\n\n\n<h3 class=\"wp-block-heading\">Notre projet \u00e9tape par \u00e9tape<\/h3>\n\n\n\n<figure class=\"wp-block-image\"><img decoding=\"async\" loading=\"lazy\" width=\"1024\" height=\"287\" src=\"http:\/\/www.itscm2.be\/Cessprojet9\/wp-content\/uploads\/2019\/02\/bd7-1024x287.jpg\" alt=\"\" class=\"wp-image-109\" srcset=\"http:\/\/www.itscm2.be\/Cessprojet9\/wp-content\/uploads\/2019\/02\/bd7-1024x287.jpg 1024w, http:\/\/www.itscm2.be\/Cessprojet9\/wp-content\/uploads\/2019\/02\/bd7-300x84.jpg 300w, http:\/\/www.itscm2.be\/Cessprojet9\/wp-content\/uploads\/2019\/02\/bd7-768x216.jpg 768w, http:\/\/www.itscm2.be\/Cessprojet9\/wp-content\/uploads\/2019\/02\/bd7.jpg 1140w\" sizes=\"(max-width: 1024px) 100vw, 1024px\" \/><\/figure>\n\n\n\n<p><a href=\"http:\/\/www.entrees-libres.be\/n48_pdf\/zoom.pdf\">Lire l\u2019article paru dans &#8220;Entr\u00e9es Libres&#8221; de avril 2010<\/a><\/p>\n\n\n\n<h3 class=\"wp-block-heading\">Le public-cible<\/h3>\n\n\n\n<ul>\n<li>Les \u00e9l\u00e8ves du 3e degr\u00e9 de l\u2019enseignement secondaire de plein exercice \u00e2g\u00e9s de 20 ans suite \u00e0 des re-doublements successifs.<\/li>\n\n\n\n<li>Les adultes porteurs d\u2019un projet n\u00e9cessitant le CESS (acc\u00e8s \u00e0 des \u00e9tudes sup\u00e9rieures ou \u00e0 un projet professionnel ).<\/li>\n<\/ul>\n\n\n\n<h3 class=\"wp-block-heading\">Les \u00e9tapes<\/h3>\n\n\n\n<h4 class=\"wp-block-heading\">DE JANVIER \u00c0 AO\u00dbT<\/h4>\n\n\n\n<ul>\n<li>Participation obligatoire \u00e0 une s\u00e9ance d&#8217;information entre janvier et ao\u00fbt<\/li>\n\n\n\n<li>Pr\u00e9cision du&nbsp;<strong>projet personnel<\/strong>&nbsp;afin de confirmer le choix d\u2019entreprendre un CESS g\u00e9n\u00e9ral<\/li>\n\n\n\n<li><strong>Tests de niveaux<\/strong>&nbsp;en anglais, math\u00e9matique et fran\u00e7ais<\/li>\n\n\n\n<li><strong>Pr\u00e9paration de la candidature<\/strong>&nbsp;pour rentrer dans le CESS organis\u00e9 en promotion sociale.<\/li>\n<\/ul>\n\n\n\n<p><\/p>\n\n\n\n<h4 class=\"wp-block-heading\"><strong>DE SEPTEMBRE \u00c0 JUIN<\/strong>&nbsp;<\/h4>\n\n\n\n<p><strong>COURS 5 jours \/ semaine<\/strong><br>L\u2019ann\u00e9e se cl\u00f4ture par une session d\u2019examens.<br>L\u2019\u00e9tudiant qui a r\u00e9ussi l\u2019ensemble des examens est admis \u00e0 d\u00e9poser une \u00e9preuve int\u00e9gr\u00e9e.<\/p>\n\n\n\n<h4 class=\"wp-block-heading\"> <strong>R\u00e9alisation de l\u2019\u00e9preuve int\u00e9gr\u00e9e&nbsp;<\/strong> <\/h4>\n\n\n\n<p>En parall\u00e8le aux \u00e9tudes, l\u2019\u00e9tudiant doit pr\u00e9parer une EI. Cette EI est une synth\u00e8se des cours du candidat et valide qu\u2019il a bien acquis l\u2019ensemble des comp\u00e9tences obtenues au terme d\u2019une ann\u00e9e de formation CESS g\u00e9n\u00e9ral.<\/p>\n\n\n\n<h3 class=\"wp-block-heading\">DANS LA PRESSE<\/h3>\n\n\n\n<p><a href=\"http:\/\/www.cess-projet9.be\/IMG\/pdf\/www.enmarche.be_services.pdf_2014_numero1522.pdf\">Lire l\u2019article publi\u00e9 dans &#8220;En Marche du 3 juillet 2014<\/a><\/p>\n\n\n\n<p><a href=\"http:\/\/www.entrees-libres.be\/n48_pdf\/zoom.pdf\">Lire l\u2019article paru dans &#8220;Entr\u00e9es Libres&#8221; de avril 2010<\/a><\/p>\n","protected":false},"excerpt":{"rendered":"<p>Pour atteindre votre projet professionnel ou d\u2019\u00e9tudes, il vous faut obtenir votre Certificat d\u2019Enseignement Secondaire Sup\u00e9rieur (CESS).&nbsp; Mais lorsqu\u2019on a plus de 20 ans, cela n\u2019est pas chose ais\u00e9e.Une nouvelle voie en vue d\u2019obtenir votre CESS s\u2019ouvre \u00e0 vous&nbsp;: \u00ab&hellip; <\/p>\n","protected":false},"author":1,"featured_media":193,"parent":0,"menu_order":0,"comment_status":"closed","ping_status":"open","template":"","meta":{"footnotes":""},"_links":{"self":[{"href":"http:\/\/www.itscm2.be\/Cessprojet9\/wp-json\/wp\/v2\/pages\/2"}],"collection":[{"href":"http:\/\/www.itscm2.be\/Cessprojet9\/wp-json\/wp\/v2\/pages"}],"about":[{"href":"http:\/\/www.itscm2.be\/Cessprojet9\/wp-json\/wp\/v2\/types\/page"}],"author":[{"embeddable":true,"href":"http:\/\/www.itscm2.be\/Cessprojet9\/wp-json\/wp\/v2\/users\/1"}],"replies":[{"embeddable":true,"href":"http:\/\/www.itscm2.be\/Cessprojet9\/wp-json\/wp\/v2\/comments?post=2"}],"version-history":[{"count":26,"href":"http:\/\/www.itscm2.be\/Cessprojet9\/wp-json\/wp\/v2\/pages\/2\/revisions"}],"predecessor-version":[{"id":357,"href":"http:\/\/www.itscm2.be\/Cessprojet9\/wp-json\/wp\/v2\/pages\/2\/revisions\/357"}],"wp:featuredmedia":[{"embeddable":true,"href":"http:\/\/www.itscm2.be\/Cessprojet9\/wp-json\/wp\/v2\/media\/193"}],"wp:attachment":[{"href":"http:\/\/www.itscm2.be\/Cessprojet9\/wp-json\/wp\/v2\/media?parent=2"}],"curies":[{"name":"wp","href":"https:\/\/api.w.org\/{rel}","templated":true}]}}